q) = 7*q - 3*q + 3*q + k*q. Calculate g(a).
11
Let j = -220 - -224. Let p(x) = 2*x**2 - 9*x - 1. Give p(j).
-5
Let v = 166 - 164. Let x(b) be the third derivative of 1/24*b**4 + 0*b**3 + 2*b**v + 0 + 0*b. What is x(3)?
3
Let k(b) = b**2 - b. Let y(i) be the first derivative of -i + 18. Let j(q) = k(q) + 2*y(q). Calculate j(-3).
10
Let r(t) be the third derivative of t**6/120 - 7*t**5/60 - t**4/24 + 4*t**3/3 - 2*t**2 + 252*t. Determine r(7).
1
Let k(s) = -66*s**3 + s**2 - 2*s + 5. Let h(w) = -33*w**3 + w**2 - w + 3. Let y(t) = 5*h(t) - 3*k(t). Determine y(-1).
-32
Let k be (1 - 0)/((-2)/12). Let y(n) = n**2 + 2*n - 1. Let o be y(2). Let h(g) = -g**3 - 4 + 3 - 1 - o*g**2 - 6*g. What is h(k)?
-2
Let s(w) = w**2 + 8*w + 12. Suppose -29*x + 11 - 156 = 0. Give s(x).
-3
Let v(q) be the first derivative of q**4/4 + 11*q**3/3 + 4*q**2 - 9*q + 33. Calculate v(-10).
11
Suppose 28*y = 27*y + 4. Suppose -3*g + y = -5*o - 6*g, 0 = 4*o - 3*g + 14. Let u(m) = -m - 3. Determine u(o).
-1
Let q(a) = 9*a + 62. Let r(i) = 4*i + 31. Let d(u) = 2*q(u) - 5*r(u). Calculate d(-18).
5
Let s(o) be the second derivative of -o**5/12 - o**4/24 + 15*o**2/2 + 14*o. Let c(b) be the first derivative of s(b). What is c(-1)?
-4
Let d(q) = -7*q**3 - 11*q**2 + 9*q + 4. Let k(o) = 6*o**3 + 14*o**2 - 12*o - 5. Let i(l) = 4*d(l) + 3*k(l). Give i(1).
-11
Let i(m) = -57820*m**3 + 10*m**2 + 57821*m**3 - 1 + 9*m + 2. Determine i(-9).
1
Let b(o) = -3*o - 2. Let t(w) = -w - 9. Let a be t(-10). Let m be 2/2 + 2/a + -8. Give b(m).
13
Let x(d) = -1 + 6 + 331*d**3 - 332*d**3 - 6*d**2. Determine x(-6).
5
Let t(v) be the first derivative of v**4 + v**3/3 + 2*v - 112. What is t(-2)?
-26
Let p(g) = -g + 1. Let j(o) be the second derivative of o**4/12 + o**3/6 - 9*o. Let b(c) = j(c) + 2*p(c). Let m = 3 - 1. What is b(m)?
4
Let b be (-2 + 15 + -1)/(25 - 27). Let s(k) = 11*k + 2. Determine s(b).
-64
Let o be ((-4)/6)/(34/153). Let s(x) = x**2 + x. Give s(o).
6
Let k = -1 + 11. Suppose 2*n + 24 = k*n. Let m(b) = 4*b + 3 - n*b - 3. Give m(0).
0
Let j(m) = 2*m - 4. Let p = -51 - -53. Let h be 0/1 - (-11 + p + 5). What is j(h)?
4
Let c = 13 - 5. Suppose -o - 3 = -c. Suppose 0 = -2*h + 3*m + 2*m - 7, -o*h - 5*m - 35 = 0. Let r(t) = -t**3 - 5*t**2 + 6*t + 1. Calculate r(h).
1
Let u(p) = -p - 37. Let d(j) = 3*j + 36. Let o(c) = -2*d(c) - 3*u(c). Calculate o(16).
-9
Let i(h) = -h + 9*h - 12*h. Give i(2).
-8
Let j(m) = -5*m - 4. Let a be j(2). Let u = -12 - a. Let g(h) = -u*h - h**3 + 1 - 2*h**2 - 4 + 8*h**2. What is g(5)?
12
Let i(j) = -2*j - 9. Let l(o) = -o**3 + 9 + 3*o - 3*o**2 - 3*o - o + 4*o**2. Let h be l(0). Suppose -5*u + h = -5*t - 11, 0 = -3*t - u - 20. Determine i(t).
3
Let r(n) = 18*n - 269. Let j be r(15). Let c(o) = o + 0*o**2 - o**2 - 4*o + 5*o. Determine c(j).
1
Suppose -6*h + 5*h = -1. Let y(q) be the first derivative of -11*q**4/4 + q**2/2 - q - 8. Determine y(h).
-11
Suppose -3*v + 3*x + 123 = 0, 34 + 109 = 4*v + 3*x. Let s(d) be the first derivative of -37*d + 0 + v*d + 3 + 7*d**2 + 5. What is s(-1)?
-13
Let g(s) = s**3 + 3*s**2 + s + 4. Let u be 2 + 12/(-2) + (0 - 0). Calculate g(u).
-16
Let a be (28/42)/(5/3 + -1). Suppose 5*h - 11 = 14. Suppose -a = -m + h. Let n(d) = -d**3 + 6*d**2 - 2*d - 7. Calculate n(m).
-19
Let q(l) = 16*l**2 + 6 + 10*l**2 + 15*l**2 - 4 + 3*l - 43*l**2. Give q(3).
-7
Let u(r) = 8 + 10*r - 11 + 0*r + 8. Give u(-1).
-5
Let f(u) = 0*u + 14*u - 4 - 13*u. Calculate f(-7).
-11
Let z be 2*-1 - 0/(-8). Let t be (-140)/42 - z/6. Let n(p) = -p**3 - 5*p**2 - 3*p + 4. Give n(t).
-5
Let y(w) = -w**3 + 4*w**2 + 25*w - 22. Let b be y(7). Let u(r) be the third derivative of r**5/60 - r**4/4 + 2*r**3/3 - 4*r**2. Calculate u(b).
4
Let z(s) = -42053*s + s**2 + 42053*s + 1. Determine z(0).
1
Let k(c) = -3*c - 2. Let s = -12 - 13. Let f = 23 + s. Give k(f).
4
Let m(h) = -2*h**3 - 6*h + 4. Let q(a) = 3*a**3 - a**2 + 6*a - 4. Let s(i) = -4*m(i) - 3*q(i). Give s(4).
4
Let t(p) be the second derivative of p**5/20 - p**4/8 + 2*p**3/3 + 10*p. Let o(q) be the second derivative of t(q). Give o(2).
9
Let l = 17 + -23. Let n(i) = i**3 - 7*i**2 - 4*i + 6. Let y(b) = b**3 + b. Let j(k) = n(k) - 2*y(k). Give j(l).
6
Let l(a) = -a**3 + 17*a**2 + a - 23. Suppose 5*i + m - 91 = -10, -2*i + m + 38 = 0. Determine l(i).
-6
Let k be 12 + -12 + (1 - 1). Let u(p) = p + 1. Let o be u(4). Suppose 20 + k = -o*r. Let a(z) = z + 2. Give a(r).
-2
Let z(g) = g**2 + 2*g - 2. Let m(v) = -v**2 - 9*v - 10. Suppose -5*q + 4*y = 48, -4*q - y - 49 = -19. Let u be m(q). Determine z(u).
-2
Suppose 4*a - 73 = -4*m + m, 0 = -a + 3*m + 37. Suppose a = 2*s - 3*i + 5*i, -4*s = 5*i - 49. Let q(k) = k**2 - 3*k - 3. What is q(s)?
15
Let v be (2 + -1)/((-41)/246). Let j(i) = i**2 + 4*i - 7. What is j(v)?
5
Let d(g) be the first derivative of 1 + 2*g**2 - 4*g + 1/3*g**3. Suppose 109*y + 27 = 106*y + 4*n, -31 = 5*y - 2*n. Determine d(y).
1
Let r(t) = -4 - 4*t - 23 + 13 + t**2. Give r(6).
-2
Let i(x) be the second derivative of 5*x**4/12 + x**3/6 - 51*x**2/2 - 3*x. Let h(g) = -g**2 + 10. Let b(r) = -11*h(r) - 2*i(r). Determine b(6).
16
Let i(b) = -b**2 + 2*b - 3. Let k(q) = 2*q**2 - 3*q + 4. Let m(o) = -3*i(o) - 2*k(o). Let z(w) = 2*w**2 + 5*w + 2. Let s be z(-2). What is m(s)?
1
Let q(r) = 5*r**3 - 5*r**2 + 13*r - 1. Let s(g) = -4*g**3 + 4*g**2 - 14*g. Let i(o) = 5*q(o) + 6*s(o). Let t be i(5). Let p(h) = h + 9. Calculate p(t).
9
Let j(g) = 2*g - 3. Let u(x) = -6*x**2 - 9*x - 8. Let n(w) = 5*w**2 + 8*w + 8. Let p(d) = 4*n(d) + 3*u(d). Let f be p(-2). Calculate j(f).
9
Let y(h) = 116 - 344 - 3*h + 109 - 5*h + 120. Determine y(7).
-55
Let i(j) = -5*j. Suppose 0 = -33*h - 353 + 155. Determine i(h).
30
Let o be ((-12)/(-9))/((-4)/30). Let g be (-2)/8 + o/(-8). Let p(s) = 3*s**3 - 4*s**3 + 0*s**3 - 1 + 2*s**3 + 2*s + 4*s**3 - s**2. What is p(g)?
5
Let h(m) = m**3 - 4*m**2 + 4*m - 4. Let j be h(3). Let o(b) = -b**2 - b + 1. Let k(g) = -5*g**2 + g + 13. Let i(d) = j*k(d) + 6*o(d). Determine i(-6).
-1
Let i be 1157/(-130) + 4/(-40). Let l(m) = m**2 + 9*m - 10. Determine l(i).
-10
Let y(z) = 0*z**3 - 3 + 19*z + 6*z**3 - 7*z**2 - 5*z**3 - 10*z. Determine y(6).
15
Let n(c) = 157*c**3 + 2*c**2 + 0*c**2 - 161*c**3 - 1. Calculate n(1).
-3
Suppose 0 = -6*v + 6 + 12. Suppose -2 = v*y - 2*y. Let c(x) = -x**2 - x + 2. Give c(y).
0
Let c(v) = -5*v**2 + 2*v + 5. Let d(m) = 2*m**2 - m - 2. Let f(i) = 3*c(i) + 7*d(i). Let p(z) = 2*z**2 + 13*z + 11. Let w(y) = -f(y) - p(y). What is w(-9)?
15
Let w(n) = -n**2 - 15*n - 18. Let b be 22/55 + (-114)/10 - 3. Calculate w(b).
-4
Let o(w) be the first derivative of -w**4/12 + w**3/6 - 17*w**2/2 - 29*w - 20. Let t(r) be the first derivative of o(r). Calculate t(0).
-17
Let o(v) = -v**3 - 48*v**2 + 150*v**2 - 47*v**2 - 51*v**2 + 2 - 2*v. Determine o(4).
-6
Let x(a) = a**2 + 8*a + 2. Let g be (-19 + 5)*((-36)/(-6))/12. What is x(g)?
-5
Let k(f) = -f**3 + 3*f**2 - 5*f + 7. Suppose -2520*l = -2524*l + 8. What is k(l)?
1
Suppose 0 = 3*s + 2*i - 28, -38 = -3*s - 2*s + i. Let d(y) = y**2 - s*y + 16*y + y - 2. Determine d(-5).
-22
Suppose 2*h + 4 = 2*i - 12, -3*i + 3 = 0. Let l(t) be the first derivative of t**3/3 + 4*t**2 + 8*t + 677. Give l(h).
1
Let g = 3 - 4. Let d = g + 0. Let a(y) = -818 + 817 + 18*y**2 - 7*y**2. What is a(d)?
10
Let a(u) = -u**3 + 143*u**2 - 4 + 11 - 3*u - 149*u**2. Calculate a(-5).
-3
Let g(u) = 2*u + 2. Let q(x) = -x**2 - 9*x + 65. Let n be q(-14). What is g(n)?
-8
Let u(h) = -9*h - 4. Let o(y) = y + 1. Let c(n) = 6*o(n) + u(n). Let i be (1 - 4)/(3/2). Calculate c(i).
8
Suppose -3*u = -4*u - 5*y + 8, 0 = 4*u + 5*y + 13. Let p(x) = x**3 + 8*x**2 + 4*x - 1. Calculate p(u).
20
Let n be 5*(-8 + 185/25). Let j(m) = 3*m**2 + 2*m - 1. Determine j(n).
20
Let i = 12 + -5. Suppose 0 = -i*l + 10*l. Let y(j) = j - 4 + 2 + 3 + l. Determine y(1).
2
Let i be 8 - 5 - (-6 - 1). Suppose 2*y - 72 = -i*y. Let k(g) = -g**2 + 5*g - 5. Calculate k(y).
-11
Suppose 9 = 4*f - 15. Let i(k) = -2*k**2 - 2*k**2 - 2 + 5 - f*k + 3*k**2. Let r(n) = 3*n - 43. Let c be r(12). Calculate i(c).
-4
Suppose -2*w = -4*w - 2. Suppose 6*i - 2 - 22 = 0. Let f(o) = i*o**2 + 0*o + 1 + 4*o - 2*o - 7*o**2. Give f(w).
-4
Let m(z) = -4*z**2 - 8*z - 13. Let d(h) = 9*h**2 + 15*h + 24. Let u(f) = -6*d(f) - 11*m(f). Suppose 2 = -2*q + 8. Suppose